{"id":93,"date":"2014-08-08T21:53:15","date_gmt":"2014-08-08T19:53:15","guid":{"rendered":"http:\/\/www.grupposalingolpe.it\/?page_id=93"},"modified":"2025-06-06T16:22:48","modified_gmt":"2025-06-06T14:22:48","slug":"conclusi","status":"publish","type":"page","link":"https:\/\/www.grupposalingolpe.it\/?page_id=93","title":{"rendered":"Censimento fotografie d&#8217;epoca"},"content":{"rendered":"<p style=\"text-align: justify;\">Il <strong>Gruppo Archeologico Salingolpe<\/strong>, con l&#8217;ausilio di diverse realt\u00e0 archivistiche e culturali, promuove un primo grande progetto di <em>Censimento di fotografie d&#8217;epoca<\/em> del territorio comunale di Castellina in Chianti con lo scopo di recuperare e divulgare, mediante apposite pubblicazioni editoriali e con la creazione di una grande piattaforma multimediale, l&#8217;immenso patrimonio foto-documentale inerente i mutamenti e lo sviluppo del contesto architettonico ed urbanistico del Chianti, ivi comprese le attivit\u00e0 socio-economiche e artigianali.<\/p>\n<p style=\"text-align: justify;\">Inoltre recuperiamo tutte quelle immagini che testimoniano feste, cerimonie religiose, eventi particolari e momenti di convivialit\u00e0 che per vari motivi ormai non ci son pi\u00f9. Attualmente, il nostro archivio, ha gi\u00e0 raccolto pi\u00f9 di 600 fotografie inedite sia del centro urbano che delle frazioni castellinesi e dei comuni circostanti.<\/p>\n<p>&nbsp;<\/p>\n<p style=\"text-align: center;\"><strong>HAI DELLE FOTO DI CASTELLINA?<br \/>\n<\/strong>&nbsp; CONDIVIDILE CON NOI!<\/p>\n<p style=\"text-align: justify;\">Se possiedi cartoline d&#8217;epoca, immagini, vecchie fotografie di famiglia (massimo fino agli anni Cinquanta) dove sia possibile notare una piazza, una via, uno scorcio di Castellina o di una frazione, oppure foto di una festa o una cerimonia ormai scomparse, <a href=\"http:\/\/www.grupposalingolpe.it\/segnalazioni\/\" target=\"_blank\" rel=\"noopener\">contattaci<\/a>!<\/p>\n<p style=\"text-align: center;\"><strong><span style=\"color: #993366;\">LE PUBBLICHEREMO IN UN LIBRO!<\/span><\/strong><\/p>\n<p style=\"text-align: center;\"><strong><span style=\"color: #993366;\">&nbsp;<\/span><\/strong><\/p>\n<p>\n<div class=\"ngg-galleryoverview ngg-slideshow\"\n\tid=\"ngg-slideshow-f0840a3aa0655db6baf89e1ec32ed13c-12008367420\"\n\tdata-gallery-id=\"f0840a3aa0655db6baf89e1ec32ed13c\"\n\tstyle=\"max-width: 600px;\n\t\t\tmax-height: 400px;\n\t\t\tdisplay: none;\">\n\n\t\n\t\t<a href=\"https:\/\/www.grupposalingolpe.it\/wp-content\/gallery\/foto-depoca\/Fuori-porta-Fiorentina-fine-Ottocento.jpg\"\n\t\t\ttitle=\"Fuori Porta Fiorentina, fine Ottocento\"\n\t\t\tdata-src=\"https:\/\/www.grupposalingolpe.it\/wp-content\/gallery\/foto-depoca\/Fuori-porta-Fiorentina-fine-Ottocento.jpg\"\n\t\t\tdata-thumbnail=\"https:\/\/www.grupposalingolpe.it\/wp-content\/gallery\/foto-depoca\/thumbs\/thumbs_Fuori-porta-Fiorentina-fine-Ottocento.jpg\"\n\t\t\tdata-image-id=\"41\"\n\t\t\tdata-title=\"Fuori porta Fiorentina, fine Ottocento\"\n\t\t\tdata-description=\"Fuori Porta Fiorentina, fine Ottocento\"\n\t\t\t\t\t\t\t\t\t\t\t\t\t\t\tclass=\"ngg-fancybox\" rel=\"f0840a3aa0655db6baf89e1ec32ed13c\">\n\t\t\t\n\t\t\t<img data-image-id='41'\n\t\t\t\ttitle=\"Fuori Porta Fiorentina, fine Ottocento\"\n\t\t\t\talt=\"Fuori porta Fiorentina, fine Ottocento\"\n\t\t\t\tsrc=\"https:\/\/www.grupposalingolpe.it\/wp-content\/gallery\/foto-depoca\/Fuori-porta-Fiorentina-fine-Ottocento.jpg\"\n\t\t\t\tstyle=\"max-height: 380px;\"\/>\n\t\t<\/a>\n\n\t\t\n\t\t<a href=\"https:\/\/www.grupposalingolpe.it\/wp-content\/gallery\/foto-depoca\/malafrasca-anni-30.jpg\"\n\t\t\ttitle=\"Loc. Malafrasca, 1930 circa.\"\n\t\t\tdata-src=\"https:\/\/www.grupposalingolpe.it\/wp-content\/gallery\/foto-depoca\/malafrasca-anni-30.jpg\"\n\t\t\tdata-thumbnail=\"https:\/\/www.grupposalingolpe.it\/wp-content\/gallery\/foto-depoca\/thumbs\/thumbs_malafrasca-anni-30.jpg\"\n\t\t\tdata-image-id=\"40\"\n\t\t\tdata-title=\"malafrasca anni 30\"\n\t\t\tdata-description=\"Loc. Malafrasca, 1930 circa.\"\n\t\t\t\t\t\t\t\t\t\t\t\t\t\t\tclass=\"ngg-fancybox\" rel=\"f0840a3aa0655db6baf89e1ec32ed13c\">\n\t\t\t\n\t\t\t<img data-image-id='40'\n\t\t\t\ttitle=\"Loc. Malafrasca, 1930 circa.\"\n\t\t\t\talt=\"malafrasca anni 30\"\n\t\t\t\tsrc=\"https:\/\/www.grupposalingolpe.it\/wp-content\/gallery\/foto-depoca\/malafrasca-anni-30.jpg\"\n\t\t\t\tstyle=\"max-height: 380px;\"\/>\n\t\t<\/a>\n\n\t\t\n\t\t<a href=\"https:\/\/www.grupposalingolpe.it\/wp-content\/gallery\/foto-depoca\/CASTELLINA-IN-CHIANTI-LE-COLLINE-anni70-colline.JPG\"\n\t\t\ttitle=\"CASTELLINA IN CHIANTI-LE COLLINE-anni 70\"\n\t\t\tdata-src=\"https:\/\/www.grupposalingolpe.it\/wp-content\/gallery\/foto-depoca\/CASTELLINA-IN-CHIANTI-LE-COLLINE-anni70-colline.JPG\"\n\t\t\tdata-thumbnail=\"https:\/\/www.grupposalingolpe.it\/wp-content\/gallery\/foto-depoca\/thumbs\/thumbs_CASTELLINA-IN-CHIANTI-LE-COLLINE-anni70-colline.JPG\"\n\t\t\tdata-image-id=\"31\"\n\t\t\tdata-title=\"CASTELLINA IN CHIANTI-LE COLLINE-anni 70\"\n\t\t\tdata-description=\"CASTELLINA IN CHIANTI-LE COLLINE-anni 70\"\n\t\t\t\t\t\t\t\t\t\t\t\t\t\t\tclass=\"ngg-fancybox\" rel=\"f0840a3aa0655db6baf89e1ec32ed13c\">\n\t\t\t\n\t\t\t<img data-image-id='31'\n\t\t\t\ttitle=\"CASTELLINA IN CHIANTI-LE COLLINE-anni 70\"\n\t\t\t\talt=\"CASTELLINA IN CHIANTI-LE COLLINE-anni 70\"\n\t\t\t\tsrc=\"https:\/\/www.grupposalingolpe.it\/wp-content\/gallery\/foto-depoca\/CASTELLINA-IN-CHIANTI-LE-COLLINE-anni70-colline.JPG\"\n\t\t\t\tstyle=\"max-height: 380px;\"\/>\n\t\t<\/a>\n\n\t\t\n\t\t<a href=\"https:\/\/www.grupposalingolpe.it\/wp-content\/gallery\/foto-depoca\/CASTELLINA-IN-CHIANTI-PANORAMA-anni70.JPG\"\n\t\t\ttitle=\"CASTELLINA IN CHIANTI-PANORAMA-anni70\"\n\t\t\tdata-src=\"https:\/\/www.grupposalingolpe.it\/wp-content\/gallery\/foto-depoca\/CASTELLINA-IN-CHIANTI-PANORAMA-anni70.JPG\"\n\t\t\tdata-thumbnail=\"https:\/\/www.grupposalingolpe.it\/wp-content\/gallery\/foto-depoca\/thumbs\/thumbs_CASTELLINA-IN-CHIANTI-PANORAMA-anni70.JPG\"\n\t\t\tdata-image-id=\"32\"\n\t\t\tdata-title=\"CASTELLINA IN CHIANTI-PANORAMA-anni70\"\n\t\t\tdata-description=\"CASTELLINA IN CHIANTI-PANORAMA-anni70\"\n\t\t\t\t\t\t\t\t\t\t\t\t\t\t\tclass=\"ngg-fancybox\" rel=\"f0840a3aa0655db6baf89e1ec32ed13c\">\n\t\t\t\n\t\t\t<img data-image-id='32'\n\t\t\t\ttitle=\"CASTELLINA IN CHIANTI-PANORAMA-anni70\"\n\t\t\t\talt=\"CASTELLINA IN CHIANTI-PANORAMA-anni70\"\n\t\t\t\tsrc=\"https:\/\/www.grupposalingolpe.it\/wp-content\/gallery\/foto-depoca\/CASTELLINA-IN-CHIANTI-PANORAMA-anni70.JPG\"\n\t\t\t\tstyle=\"max-height: 380px;\"\/>\n\t\t<\/a>\n\n\t\t\n\t\t<a href=\"https:\/\/www.grupposalingolpe.it\/wp-content\/gallery\/foto-depoca\/Via-delle-Mura-anni-70-circa.-Edizioni-Falassi..JPG\"\n\t\t\ttitle=\"Via delle Mura, anni 70 circa. Edizioni Falassi.\"\n\t\t\tdata-src=\"https:\/\/www.grupposalingolpe.it\/wp-content\/gallery\/foto-depoca\/Via-delle-Mura-anni-70-circa.-Edizioni-Falassi..JPG\"\n\t\t\tdata-thumbnail=\"https:\/\/www.grupposalingolpe.it\/wp-content\/gallery\/foto-depoca\/thumbs\/thumbs_Via-delle-Mura-anni-70-circa.-Edizioni-Falassi..JPG\"\n\t\t\tdata-image-id=\"33\"\n\t\t\tdata-title=\"Via delle Mura, anni 70 circa. Edizioni Falassi.\"\n\t\t\tdata-description=\"Via delle Mura, anni 70 circa. Edizioni Falassi.\"\n\t\t\t\t\t\t\t\t\t\t\t\t\t\t\tclass=\"ngg-fancybox\" rel=\"f0840a3aa0655db6baf89e1ec32ed13c\">\n\t\t\t\n\t\t\t<img data-image-id='33'\n\t\t\t\ttitle=\"Via delle Mura, anni 70 circa. Edizioni Falassi.\"\n\t\t\t\talt=\"Via delle Mura, anni 70 circa. Edizioni Falassi.\"\n\t\t\t\tsrc=\"https:\/\/www.grupposalingolpe.it\/wp-content\/gallery\/foto-depoca\/Via-delle-Mura-anni-70-circa.-Edizioni-Falassi..JPG\"\n\t\t\t\tstyle=\"max-height: 380px;\"\/>\n\t\t<\/a>\n\n\t\t\n\t\t<a href=\"https:\/\/www.grupposalingolpe.it\/wp-content\/gallery\/foto-depoca\/6-via-fiorentina.jpg\"\n\t\t\ttitle=\"Via fiorentina all&#039;inizio del 900\"\n\t\t\tdata-src=\"https:\/\/www.grupposalingolpe.it\/wp-content\/gallery\/foto-depoca\/6-via-fiorentina.jpg\"\n\t\t\tdata-thumbnail=\"https:\/\/www.grupposalingolpe.it\/wp-content\/gallery\/foto-depoca\/thumbs\/thumbs_6-via-fiorentina.jpg\"\n\t\t\tdata-image-id=\"34\"\n\t\t\tdata-title=\"Via fiorentina all&#039;inizio del 900\"\n\t\t\tdata-description=\"Via fiorentina all&#039;inizio del 900\"\n\t\t\t\t\t\t\t\t\t\t\t\t\t\t\tclass=\"ngg-fancybox\" rel=\"f0840a3aa0655db6baf89e1ec32ed13c\">\n\t\t\t\n\t\t\t<img data-image-id='34'\n\t\t\t\ttitle=\"Via fiorentina all&#039;inizio del 900\"\n\t\t\t\talt=\"Via fiorentina all&#039;inizio del 900\"\n\t\t\t\tsrc=\"https:\/\/www.grupposalingolpe.it\/wp-content\/gallery\/foto-depoca\/6-via-fiorentina.jpg\"\n\t\t\t\tstyle=\"max-height: 380px;\"\/>\n\t\t<\/a>\n\n\t\t\n\t\t<a href=\"https:\/\/www.grupposalingolpe.it\/wp-content\/gallery\/foto-depoca\/Scan0014-anni30-1.jpg\"\n\t\t\ttitle=\"Asilio Virginia Borgheri, 1930 circa\"\n\t\t\tdata-src=\"https:\/\/www.grupposalingolpe.it\/wp-content\/gallery\/foto-depoca\/Scan0014-anni30-1.jpg\"\n\t\t\tdata-thumbnail=\"https:\/\/www.grupposalingolpe.it\/wp-content\/gallery\/foto-depoca\/thumbs\/thumbs_Scan0014-anni30-1.jpg\"\n\t\t\tdata-image-id=\"35\"\n\t\t\tdata-title=\"Asilio Virginia Borgheri, 1930 circa\"\n\t\t\tdata-description=\"Asilio Virginia Borgheri, 1930 circa\"\n\t\t\t\t\t\t\t\t\t\t\t\t\t\t\tclass=\"ngg-fancybox\" rel=\"f0840a3aa0655db6baf89e1ec32ed13c\">\n\t\t\t\n\t\t\t<img data-image-id='35'\n\t\t\t\ttitle=\"Asilio Virginia Borgheri, 1930 circa\"\n\t\t\t\talt=\"Asilio Virginia Borgheri, 1930 circa\"\n\t\t\t\tsrc=\"https:\/\/www.grupposalingolpe.it\/wp-content\/gallery\/foto-depoca\/Scan0014-anni30-1.jpg\"\n\t\t\t\tstyle=\"max-height: 380px;\"\/>\n\t\t<\/a>\n\n\t\t\n\t\t<a href=\"https:\/\/www.grupposalingolpe.it\/wp-content\/gallery\/foto-depoca\/12-fattoria-rosselli-1900-1920.jpg\"\n\t\t\ttitle=\"Fattoria Rosselli 1900-1920\"\n\t\t\tdata-src=\"https:\/\/www.grupposalingolpe.it\/wp-content\/gallery\/foto-depoca\/12-fattoria-rosselli-1900-1920.jpg\"\n\t\t\tdata-thumbnail=\"https:\/\/www.grupposalingolpe.it\/wp-content\/gallery\/foto-depoca\/thumbs\/thumbs_12-fattoria-rosselli-1900-1920.jpg\"\n\t\t\tdata-image-id=\"36\"\n\t\t\tdata-title=\"Fattoria Rosselli 1900-1920\"\n\t\t\tdata-description=\"Fattoria Rosselli 1900-1920\"\n\t\t\t\t\t\t\t\t\t\t\t\t\t\t\tclass=\"ngg-fancybox\" rel=\"f0840a3aa0655db6baf89e1ec32ed13c\">\n\t\t\t\n\t\t\t<img data-image-id='36'\n\t\t\t\ttitle=\"Fattoria Rosselli 1900-1920\"\n\t\t\t\talt=\"Fattoria Rosselli 1900-1920\"\n\t\t\t\tsrc=\"https:\/\/www.grupposalingolpe.it\/wp-content\/gallery\/foto-depoca\/12-fattoria-rosselli-1900-1920.jpg\"\n\t\t\t\tstyle=\"max-height: 380px;\"\/>\n\t\t<\/a>\n\n\t\t<\/div>\n\n\n<\/p>\n<p>&nbsp;<\/p>\n","protected":false},"excerpt":{"rendered":"<p>Il Gruppo Archeologico Salingolpe, con l&#8217;ausilio di diverse realt\u00e0 archivistiche e culturali, promuove un primo grande progetto di Censimento di fotografie d&#8217;epoca del territorio comunale di Castellina in Chianti con lo scopo di recuperare e divulgare, mediante apposite pubblicazioni editoriali e con la creazione di una grande piattaforma multimediale, l&#8217;immenso patrimonio foto-documentale inerente i mutamenti e lo sviluppo del contesto architettonico ed urbanistico del Chianti, ivi comprese le attivit\u00e0 socio-economiche e artigianali. Inoltre recuperiamo tutte quelle immagini che testimoniano feste, cerimonie religiose, eventi particolari e momenti di convivialit\u00e0 che per vari motivi ormai non ci son pi\u00f9. Attualmente, il nostro archivio, ha gi\u00e0 raccolto pi\u00f9 di 600 fotografie inedite sia del centro urbano che delle frazioni castellinesi e dei comuni circostanti. &nbsp; HAI DELLE FOTO DI CASTELLINA? &nbsp; CONDIVIDILE CON NOI! Se possiedi cartoline d&#8217;epoca, immagini, vecchie fotografie di famiglia (massimo fino agli anni Cinquanta) dove sia possibile notare una piazza, una via, uno scorcio di Castellina o di una frazione, oppure foto di una festa o una cerimonia ormai scomparse, contattaci! LE PUBBLICHEREMO IN UN LIBRO! &nbsp; &nbsp;<\/p>\n","protected":false},"author":1,"featured_media":0,"parent":19,"menu_order":1,"comment_status":"open","ping_status":"open","template":"","meta":{"ngg_post_thumbnail":0,"footnotes":""},"class_list":["post-93","page","type-page","status-publish","hentry"],"_links":{"self":[{"href":"https:\/\/www.grupposalingolpe.it\/index.php?rest_route=\/wp\/v2\/pages\/93","targetHints":{"allow":["GET"]}}],"collection":[{"href":"https:\/\/www.grupposalingolpe.it\/index.php?rest_route=\/wp\/v2\/pages"}],"about":[{"href":"https:\/\/www.grupposalingolpe.it\/index.php?rest_route=\/wp\/v2\/types\/page"}],"author":[{"embeddable":true,"href":"https:\/\/www.grupposalingolpe.it\/index.php?rest_route=\/wp\/v2\/users\/1"}],"replies":[{"embeddable":true,"href":"https:\/\/www.grupposalingolpe.it\/index.php?rest_route=%2Fwp%2Fv2%2Fcomments&post=93"}],"version-history":[{"count":8,"href":"https:\/\/www.grupposalingolpe.it\/index.php?rest_route=\/wp\/v2\/pages\/93\/revisions"}],"predecessor-version":[{"id":914,"href":"https:\/\/www.grupposalingolpe.it\/index.php?rest_route=\/wp\/v2\/pages\/93\/revisions\/914"}],"up":[{"embeddable":true,"href":"https:\/\/www.grupposalingolpe.it\/index.php?rest_route=\/wp\/v2\/pages\/19"}],"wp:attachment":[{"href":"https:\/\/www.grupposalingolpe.it\/index.php?rest_route=%2Fwp%2Fv2%2Fmedia&parent=93"}],"curies":[{"name":"wp","href":"https:\/\/api.w.org\/{rel}","templated":true}]}}